ctors of w?
3, 29
Suppose -17*r - 6 = -16*r. Let n be r/(-4) + 3/(-6). What are the prime factors of 8/2*n - 1?
3
List the prime factors of (-6 + 97664/(-72))/(1/(-9)).
2, 6131
Suppose 3*p = -2*m + 3762, -4*m - 1000 = -p + 240. Suppose p + 80898 = 50*t. What are the prime factors of t?
31, 53
Let r = 135041 + -80273. What are the prime factors of r?
2, 3, 7, 163
Let o(p) = 337*p - 7. Suppose 3*g = 5*k - 19, 2*k + 4*g = g - 5. What are the prime factors of o(k)?
23, 29
Let c = 15 + -11. Suppose -c*a - y + 569 = -0*y, -5*y = 15. List the prime factors of a.
11, 13
Let o be 608/112 + 3/(-7). Let d(f) = f**3 - 6*f**2 + 58*f + 4. What are the prime factors of d(o)?
269
Let a be (-3)/(-5)*80/12. Suppose 1307 + 1093 = a*w. What are the prime factors of w?
2, 3, 5
Suppose 2*a - 1186 = 790. Suppose 2*n + a = -2*n. Let m = 413 + n. What are the prime factors of m?
2, 83
Let b = 15884 - 11255. What are the prime factors of b?
3, 1543
List the prime factors of (149*(-24)/18)/(1/(-33)).
2, 11, 149
Let i(h) = -2724*h - 5291. List the prime factors of i(-10).
47, 467
Let n = -1592 + 1703. Suppose 2*k = 5*w - 109 - 188, 0 = 3*w + 4*k - 199. Let y = n - w. List the prime factors of y.
2, 5
Let b(i) = 6*i + 71. Let s(w) = -4*w - 47. Let o(f) = 5*b(f) + 8*s(f). Let h be o(-10). What are the prime factors of (4 - 6)/h - -20?
2, 11
Suppose -4*l = -3*a - 215, -l + 6*l = 2*a + 274. What are the prime factors of ((-186)/(-14) + (-16)/l)*1?
13
Suppose 0 = 4*j - z - 24232, -4*z = 4*j - 0*j - 24232. What are the prime factors of j?
2, 13, 233
Suppose -3*d = -4*i - 1, -6*d + 6 = -4*d. Let z = 569 + i. What are the prime factors of z?
571
Suppose -1818*f + 1800*f + 5742 = 0. What are the prime factors of f?
11, 29
Let s = 665 - 662. Suppose s*x + 5*h - 4*h - 2155 = 0, 3*h = x - 725. What are the prime factors of x?
719
Suppose -a - 16980 = -4*u, 2*a - 4*a + 8 = 0. Suppose 826 = -6*p + u. List the prime factors of p.
2, 3, 5, 19
Let g(q) = 50*q - 178. Let d be g(5). What are the prime factors of d*((-300)/(-32) + (-15)/40)?
2, 3
Let i = 768 - 766. Suppose -3*z = -4*d + 2333, -6*z = i*d - 2*z - 1172. List the prime factors of d.
2, 73
What are the prime factors of 22494/4 - (380/40 - 10)?
2, 19, 37
Let y = -11 - -6. Let p be 2*y/(-20) - (-1883)/2. Suppose 8*c = -22 + p. List the prime factors of c.
5, 23
Suppose 593*a - 594*a = -2190. What are the prime factors of a?
2, 3, 5, 73
Let y be (3 + 45/(-18))/(2/880). Suppose 0 = -2*p + o - 4*o + 460, p = -4*o + y. What are the prime factors of p?
2, 59
Suppose 4*i + 3*a = 2*i - 7, -4*i - 3*a = -1. Let g(j) be the second derivative of 7*j**4/12 + 5*j**3/6 + 5*j**2/2 + 445*j. List the prime factors of g(i).
137
Suppose 4*t + 0*h + h - 37 = 0, t - 4*h + 12 = 0. Suppose -9*x + 5763 = t*x. What are the prime factors of x?
3, 113
Let w be (21/(-2))/((-27)/468). Let g = -76 + w. List the prime factors of g.
2, 53
Suppose 10199 = 3*u - 4*c, 19 = 3*c + 25. List the prime factors of u.
43, 79
Let h(w) be the first derivative of 6*w**3 + 23*w**2/2 + 104*w - 35. List the prime factors of h(-6).
2, 307
What are the prime factors of 29082/9*(-3)/(-2)?
37, 131
Let i(d) = -73*d - 74. Let z be i(-10). What are the prime factors of z/22 - (-18)/99?
2, 3, 5
Suppose -5*o = -4*i + 2, 0 = -0*i + 2*i - 3*o. List the prime factors of -30*(-3 - i/(-15)).
2, 3, 7
Let x = -168 - -171. Suppose a = -3*y - 3*a + 2756, 936 = y - x*a. List the prime factors of y.
2, 3, 7, 11
Let z be (-8)/(-10) + 7/35. Suppose 5*p + z = 4*h, -2*h - 6 + 0 = 4*p. Let o(n) = 10*n**2 - n. List the prime factors of o(p).
11
Let u be -21*(-1)/(-3)*1. Let x = 23 - u. What are the prime factors of (x/4)/(5*18/300)?
5
Let z(i) = 4*i + 9. Let w be z(4). Suppose -12*c = w - 289. What are the prime factors of c?
2, 11
Suppose -594431 = -71*z + 1971296. List the prime factors of z.
36137
Let b be (1 + 0)*0/(18/(-3)). Suppose 2*u - 152 - 600 = b. List the prime factors of u.
2, 47
Let l(f) = f**3 + 7*f**2 + 10*f - 4. Let h be l(-5). Let a(t) = 22*t**2 - 3*t - 9. List the prime factors of a(h).
5, 71
Let c(t) = -2*t**3 + 28*t**2 - 13*t + 1. Suppose 26*u + 129 = 467. What are the prime factors of c(u)?
2, 5, 17
Let t(k) = -k**2 - 48*k + 138. List the prime factors of t(-43).
353
Let u = -100 + 105. Suppose -45 = -4*p - 0*o - u*o, 2*p = 5*o + 45. What are the prime factors of 552/10*p/6?
2, 3, 23
Suppose -2*r = 4*q - 9008, 2*q = -0*r + 5*r - 22520. Suppose -6*p = -r + 1744. Suppose -4*l + 3*f = -617, -2*l = l - 5*f - p. List the prime factors of l.
5, 31
Let w = 70 - 60. Suppose -5*x = t - 39, 5*t - 7*x + w*x - 239 = 0. List the prime factors of t.
7
Suppose 1102*r - 29818 = 1100*r - 4*o, 44727 = 3*r - 3*o. List the prime factors of r.
17, 877
Suppose 0 = -2*g + u + 41482, 0 = -2*g + 3*u + 5187 + 36311. List the prime factors of g.
89, 233
Suppose -y - 2*n + 2 = -n, -5*n - 5 = 2*y. Suppose y*b - g = 175 + 1369, 0 = 3*b - 3*g - 936. What are the prime factors of b?
2, 7, 11
Let l(w) = w**3 - 20*w**2 + 31*w - 53. Let s be l(19). Suppose 0 = -3*m - 3 + 9, s = o - 3*m. What are the prime factors of o?
181
Let q be 1/2 + (-248)/64*-4. Suppose q = 6*z - 38. What are the prime factors of z?
3
Let h = 2310 + -1077. List the prime factors of h.
3, 137
Suppose 3*x - 19 - 35 = -g, -5*g + 355 = -2*x. List the prime factors of 4*(g/12 - 5) + 531.
2, 3, 89
Suppose -17*r = -189*r + 2859844. What are the prime factors of r?
13, 1279
Let q(n) be the third derivative of 3*n**5/10 - n**4/24 - 10*n**3/3 + 6*n**2 - 2. List the prime factors of q(6).
2, 311
Let h = -8142 - -8326. List the prime factors of h.
2, 23
Suppose 5*j + 10 = 0, j + 117 = -2*d - 65. Let h = d - -85. Let w(l) = 8*l**2 - 2*l - 12. List the prime factors of w(h).
2, 3, 11
Let d = 27607 + -16318. What are the prime factors of d?
3, 53, 71
Let h be ((-2184)/40 + 1)/(3/(-30)). Let m = h - 39. What are the prime factors of m?
7, 71
Suppose 3*z - 37358 - 4823 = 737. List the prime factors of z.
2, 23, 311
Let p(s) = 4*s - 12. Let q be p(6). Suppose -5*h = -2*g + 21, q - 39 = g + 5*h. List the prime factors of (715/15)/(g/(-6)).
11, 13
Suppose 32*a = 162212 - 124003 + 221599. List the prime factors of a.
23, 353
Suppose 1 = -3*t - 2. Let c(v) = 3*v**2 - v. Let i be c(t). Suppose -i*w + 182 = -2*y, 71 = 3*w - 4*y - 58. List the prime factors of w.
47
Suppose 9*y + 421024 = 68*y. List the prime factors of y.
2, 223
Let o(n) = -30*n + 292. Let q be o(9). Let l = q - -270. List the prime factors of l.
2, 73
Suppose 10 = 136*j - 138*j. What are the prime factors of (2/j)/(14592/2920 + -5)?
2, 73
Let p = 1869 + -3336. Let w = 2380 + p. List the prime factors of w.
11, 83
Let g = 160 + -158. Suppose -561 = -q - 2*o, 5*q - 719 = -g*o + 2054. What are the prime factors of q?
7, 79
Let r be (22/(-77))/(3/(-42)). Suppose 0*m + 445 = 5*m. Suppose t - 3*w - m = 0, -3*w + 363 = r*t - 8*w. What are the prime factors of t?
2, 23
Let g be ((-18)/(-4))/(6/20). Suppose g = u - 4*n - 5, 0 = 2*u + 2*n - 20. What are the prime factors of u + -9 + (-2 - -58)?
59
Suppose 0 = -499*f + 457*f + 10416. Suppose g - 2*b - 513 = -2*g, 880 = 5*g + 5*b. Let u = f - g. What are the prime factors of u?
3, 5
Suppose 5*w + 11 = 2*s + 694, 155 = w - 5*s. Suppose -666 = -9*p - w. List the prime factors of p.
59
Let f = -47 + 71. List the prime factors of (f/(-42))/((-4)/1246).
2, 89
Let o(x) be the third derivative of 7*x**4/4 - 22*x**3/3 + 16*x**2 - 1. List the prime factors of o(10).
2, 47
Let d = -1781 + 1166. Let w = d - -1920. List the prime factors of w.
3, 5, 29
Let a(f) = -f**3 - 9*f - 9. Let y be a(-4). Let p = y + 14. Let g = -51 + p. What are the prime factors of g?
2, 3
What are the prime factors of 9380 - (-12 - -6) - -13?
3, 13, 241
Let b = -436 + 452. Suppose 0 = b*w + 17*w - 16797. List the prime factors of w.
509
Suppose 15*g + 28802 - 22924 - 99508 = 0. What are the prime factors of g?
2, 3121
Let r = 72 + -69. Suppose 2*w - 3*z = 1028 - 63, r*w - 1428 = -2*z. List the prime factors of w.
2, 239
Let o = -4683 - -11547. List the prime factors of o.
2, 3, 11, 13
Let f(d) = 234*d - 39. Let c be f(16). Suppose 0 = 2*i - t - 1467, -6*i + 11*i - c = -5*t. List the prime factors of i.
2, 23
Suppose -u + 1338 - 198 = -4*f, -2260 = -2*u - 2*f. Suppose -3*b = l - u, -22*l + 5*